.
126
Calculate the highest common factor of 1992 and 48.
24
Calculate the greatest common factor of 20 and 175.
5
What is the highest common factor of 2160 and 3375?
135
What is the highest common divisor of 195 and 4800?
15
Calculate the highest common factor of 60 and 465.
15
What is the greatest common divisor of 876 and 48?
12
Calculate the highest common divisor of 280 and 2135.
35
Calculate the highest common factor of 30 and 870.
30
What is the highest common divisor of 4416 and 18?
6
What is the greatest common factor of 148395 and 13?
13
What is the greatest common factor of 305 and 4697?
61
What is the greatest common divisor of 60330 and 30?
30
Calculate the greatest common factor of 234 and 36.
18
What is the highest common divisor of 9 and 2169?
9
Calculate the greatest common factor of 1744 and 256.
16
What is the highest common factor of 14 and 3227?
7
Calculate the greatest common divisor of 2277 and 4048.
253
What is the greatest common divisor of 148 and 370?
74
Calculate the greatest common divisor of 497 and 301.
7
Calculate the highest common divisor of 185 and 37.
37
What is the greatest common divisor of 2532 and 192?
12
Calculate the greatest common divisor of 402 and 30.
6
What is the highest common factor of 16 and 84?
4
What is the greatest common divisor of 351 and 585?
117
Calculate the greatest common factor of 27 and 171.
9
Calculate the greatest common factor of 48 and 12048.
48
What is the greatest common divisor of 228 and 84?
12
Calculate the greatest common divisor of 392 and 42.
14
Calculate the greatest common divisor of 520 and 160.
40
Calculate the greatest common factor of 182 and 52.
26
What is the highest common divisor of 27 and 9099?
27
Calculate the greatest common divisor of 90 and 1170.
90
Calculate the highest common divisor of 9 and 48.
3
What is the greatest common factor of 2288 and 1001?
143
Calculate the greatest common factor of 1599 and 4059.
123
What is the greatest common factor of 141 and 611?
47
What is the greatest common factor of 414 and 36?
18
Calculate the highest common divisor of 75 and 125.
25
Calculate the greatest common factor of 49 and 112.
7
What is the highest common divisor of 143 and 247?
13
What is the highest common divisor of 70 and 168?
14
What is the greatest common divisor of 30 and 5010?
30
What is the highest common divisor of 2775 and 150?
75
Calculate the greatest common divisor of 592 and 16.
16
Calculate the highest common divisor of 100 and 1125.
25
What is the greatest common divisor of 12 and 206?
2
Calculate the greatest common divisor of 13 and 2535.
13
What is the highest common factor of 18 and 117?
9
Calculate the highest common divisor of 768 and 144.
48
What is the highest common factor of 644 and 4?
4
What is the greatest common factor of 6239 and 3303?
367
Calculate the highest common factor of 213 and 3.
3
Calculate the greatest common factor of 33 and 47883.
33
Calculate the greatest common factor of 267 and 89.
89
Calculate the highest common divisor of 252 and 154.
14
What is the greatest common factor of 4640 and 58?
58
Calculate the highest common factor of 49 and 7.
7
Calculate the greatest common divisor of 49 and 2891.
49
What is the highest common divisor of 2727 and 9?
9
What is the highest common factor of 2223 and 76?
19
What is the highest common divisor of 1541 and 253?
23
What is the greatest common factor of 128 and 112?
16
What is the greatest common factor of 11992 and 16?
8
Calculate the highest common factor of 8 and 538.
2
What is the highest common divisor of 72 and 8?
8
Calculate the greatest common divisor of 1254 and 266.
38
Calculate the highest common factor of 273 and 28.
7
Calculate the greatest common factor of 18 and 9.
9
What is the highest common divisor of 180 and 3390?
30
Calculate the greatest common divisor of 110 and 176.
22
Calculate the greatest common divisor of 420 and 1356.
12
What is the highest common factor of 35 and 1015?
35
What is the highest common factor of 540 and 120?
60
What is the highest common factor of 66 and 25014?
66
What is the greatest common factor of 338 and 4901?
169
What is the greatest common divisor of 182 and 1001?
91
Calculate the highest common divisor of 126 and 938.
14
What is the highest common factor of 288 and 72?
72
What is the highest common divisor of 224 and 20552?
56
Calculate the highest common divisor of 54 and 14634.
54
Calculate the greatest common divisor of 25828 and 44.
44
What is the greatest common factor of 30 and 126?
6
What is the highest common factor of 2107 and 49?
49
Calculate the greatest common divisor of 4 and 564.
4
Calculate the greatest common factor of 256 and 24.
8
What is the greatest common divisor of 18 and 822?
6
Calculate the greatest common divisor of 4 and 6294.
2
Calculate the highest common factor of 1034 and 376.
94
What is the greatest common divisor of 708 and 84?
12
What is the greatest common divisor of 1450 and 50?
50
What is the greatest common divisor of 2120 and 954?
106
What is the greatest common divisor of 23 and 667?
23
What is the highest common divisor of 1672 and 264?
88
What is the highest common divisor of 96 and 32?
32
Calculate the highest common divisor of 120 and 216.
24
Calculate the greatest common factor of 968 and 363.
121
Calculate the highest common factor of 52 and 4.
4
Calculate the greatest common divisor of 38 and 38.
38
Calculate the greatest common factor of 120 and 48.
24
Calculate the greatest common divisor of 30 and 390.
30
What is the greatest common factor of 40 and 30?
10
Calculate the highest common divisor of 42 and 574.
14
Calculate the greatest common divisor of 2050 and 164.
82
What is the greatest common divisor of 224 and 28?
28
Calculate the greatest common divisor of 1504 and 256.
32
What is the greatest common divisor of 98 and 42?
14
What is the highest common factor of 2013 and 165?
33
What is the highest common factor of 1600 and 64?
64
What is the highest common divisor of 243 and 288?
9
Calculate the greatest common divisor of 255 and 306.
51
Calculate the highest common factor of 27 and 2133.
27
Calculate the greatest common divisor of 190 and 50.
10
Calculate the highest common divisor of 55 and 10.
5
Calculate the greatest common factor of 5768 and 56.
56
Calculate the greatest common divisor of 655 and 5.
5
What is the highest common divisor of 150 and 1550?
50
Calculate the highest common factor of 75 and 21.
3
Calculate the greatest common factor of 650 and 416.
26
Calculate the highest common divisor of 63 and 54.
9
Calculate the greatest common factor of 464 and 841.
29
What is the greatest common divisor of 60 and 45?
15
Calculate the greatest common factor of 1056 and 192.
96
What is the highest common divisor of 24 and 10488?
24
What is the greatest common divisor of 76 and 285?
19
What is the greatest common factor of 4 and 558?
2
Calculate the highest common factor of 4730 and 110.
110
Calculate the greatest common divisor of 147 and 343.
49
Calculate the highest common divisor of 12082 and 14.
14
What is the highest common factor of 415 and 1743?
83
What is the highest common factor of 110 and 70?
10
What is the greatest common factor of 492 and 410?
82
Calculate the greatest common divisor of 210 and 42.
42
What is the highest common divisor of 1537 and 261?
29
What is the greatest common factor of 23 and 23?
23
What is the greatest common factor of 60 and 18?
6
What is the greatest common factor of 10860 and 100?
20
What is the highest common divisor of 90 and 570?
30
What is the highest common factor of 2289 and 21?
21
Calculate the highest common factor of 12 and 1956.
12
Calculate the highest common factor of 803 and 1679.
73
Calculate the highest common divisor of 713 and 589.
31
Calculate the greatest common factor of 112 and 560.
112
Calculate the highest common divisor of 274 and 2603.
137
What is the greatest common factor of 400 and 80?
80
Calculate the greatest common factor of 368 and 46.
46
What is the highest common divisor of 3882 and 8?
2
Calculate the highest common factor of 9063 and 57.
57
Calculate the greatest common factor of 7424 and 261.
29
Calculate the greatest common divisor of 10 and 550.
10
What is the greatest common factor of 